on factor of 49396 and 1060?
212
Calculate the greatest common divisor of 3156957 and 2121.
303
What is the highest common divisor of 184 and 170591?
23
Calculate the highest common factor of 14180078 and 22.
22
What is the greatest common divisor of 18248 and 2792?
8
What is the highest common divisor of 1127 and 1519?
49
Calculate the greatest common divisor of 1801087 and 94.
47
Calculate the highest common divisor of 786104 and 33.
11
What is the highest common factor of 87 and 2469?
3
Calculate the highest common divisor of 159 and 433434.
159
What is the highest common factor of 373 and 327494?
373
Calculate the highest common factor of 1898 and 6862.
146
What is the greatest common factor of 132 and 566247?
33
What is the highest common divisor of 16 and 772?
4
What is the highest common divisor of 126 and 84602?
14
Calculate the greatest common factor of 542619 and 18.
9
Calculate the greatest common divisor of 63 and 23639.
7
What is the greatest common divisor of 67306 and 292?
146
Calculate the greatest common divisor of 48 and 39348.
12
Calculate the highest common factor of 3705 and 13065.
195
Calculate the greatest common divisor of 448 and 4192832.
448
Calculate the highest common divisor of 74228 and 2156.
308
Calculate the highest common factor of 35971 and 2041.
13
Calculate the highest common factor of 450 and 141975.
225
Calculate the highest common factor of 20 and 700710.
10
What is the highest common divisor of 61529 and 325?
13
What is the highest common divisor of 312091 and 13?
13
Calculate the highest common divisor of 55 and 53229.
11
What is the highest common factor of 236 and 233758?
118
What is the highest common divisor of 15594 and 3174?
138
Calculate the greatest common divisor of 176 and 51172.
44
Calculate the highest common factor of 28980 and 1225.
35
Calculate the highest common factor of 2271728 and 656.
656
What is the highest common divisor of 43644 and 186?
6
What is the greatest common factor of 11862 and 27?
9
What is the highest common factor of 516 and 101996?
172
Calculate the highest common divisor of 1080 and 8235.
135
What is the greatest common divisor of 185431 and 1712?
107
Calculate the highest common factor of 10465 and 1750.
35
Calculate the greatest common divisor of 20 and 175060.
20
What is the highest common divisor of 16914 and 72?
6
Calculate the highest common divisor of 1864 and 300.
4
What is the greatest common factor of 5370 and 390?
30
What is the highest common factor of 861 and 3653223?
861
What is the greatest common divisor of 732642 and 138?
138
What is the highest common divisor of 16392 and 1224?
24
What is the highest common divisor of 41056 and 128?
32
Calculate the highest common divisor of 124 and 9092.
4
Calculate the highest common divisor of 17 and 24225.
17
What is the greatest common divisor of 24234 and 168?
42
Calculate the greatest common factor of 150728 and 8300.
332
What is the greatest common factor of 549 and 221979?
183
What is the highest common factor of 844 and 59713?
211
Calculate the greatest common divisor of 150 and 31530.
30
What is the greatest common factor of 11004525 and 595?
595
What is the greatest common factor of 4361 and 30184?
49
What is the greatest common factor of 15 and 17435?
5
Calculate the greatest common divisor of 564734 and 582.
194
Calculate the highest common divisor of 41283 and 2079.
297
Calculate the highest common divisor of 33 and 4037.
11
Calculate the greatest common factor of 35 and 320635.
35
Calculate the greatest common factor of 229 and 73.
1
What is the highest common factor of 32995 and 75?
5
What is the highest common divisor of 34 and 69887?
17
Calculate the greatest common factor of 2646235 and 785.
785
What is the highest common factor of 14664 and 10387?
611
Calculate the highest common factor of 85 and 2047055.
85
Calculate the greatest common divisor of 122 and 1604178.
122
Calculate the highest common divisor of 654708 and 6.
6
Calculate the greatest common divisor of 19050 and 2100.
150
Calculate the greatest common divisor of 20 and 5935.
5
Calculate the greatest common divisor of 88576 and 8131.
173
Calculate the greatest common factor of 86 and 1518932.
86
What is the greatest common divisor of 46137 and 2548?
91
Calculate the greatest common divisor of 1156 and 10931.
17
Calculate the highest common divisor of 18122 and 3638.
34
Calculate the highest common factor of 1324219 and 104.
13
Calculate the greatest common factor of 19 and 103626.
19
What is the highest common divisor of 209 and 34808?
19
Calculate the greatest common divisor of 365 and 62999.
73
What is the greatest common factor of 1537 and 7337?
29
What is the highest common divisor of 1827523 and 5948?
1487
What is the greatest common factor of 153 and 115821?
153
Calculate the highest common factor of 6 and 641874.
6
What is the greatest common factor of 19 and 80427?
19
Calculate the greatest common factor of 1301371 and 219.
73
Calculate the greatest common divisor of 3366 and 9724.
374
Calculate the highest common divisor of 78847 and 74.
37
What is the greatest common divisor of 195 and 31720?
65
What is the highest common divisor of 106 and 42506?
106
Calculate the greatest common factor of 13993 and 112.
7
Calculate the highest common divisor of 258 and 109650.
258
What is the highest common divisor of 996750 and 12375?
1125
What is the highest common factor of 871 and 131923?
67
What is the greatest common factor of 15066 and 117?
9
What is the greatest common factor of 9 and 597096?
9
What is the greatest common factor of 47 and 579181?
47
Calculate the highest common divisor of 2208 and 570.
6
What is the highest common divisor of 6116 and 2780?
556
What is the greatest common divisor of 468 and 142597?
13
What is the highest common divisor of 441 and 369?
9
What is the greatest common factor of 4416 and 2688?
192
Calculate the greatest common factor of 21519 and 729.
27
Calculate the highest common divisor of 28 and 294004.
4
What is the highest common divisor of 68510 and 78?
26
What is the highest common factor of 288 and 29628?
36
What is the greatest common divisor of 22456 and 196?
28
Calculate the highest common factor of 69 and 12006.
69
What is the greatest common factor of 496664 and 392?
392
What is the greatest common factor of 55476 and 36432?
828
What is the highest common factor of 5329 and 7008?
73
Calculate the greatest common divisor of 26711568 and 312.
312
Calculate the highest common divisor of 2022 and 93.
3
Calculate the highest common factor of 3619 and 33110.
77
Calculate the highest common factor of 48410 and 2585.
235
What is the greatest common divisor of 105478 and 207?
23
Calculate the greatest common factor of 196 and 2013914.
14
What is the greatest common divisor of 107255 and 1292?
19
Calculate the greatest common factor of 3605 and 1785.
35
What is the highest common factor of 44 and 89188?
44
What is the greatest common factor of 43 and 9073?
43
What is the greatest common divisor of 1708 and 17948?
28
What is the highest common divisor of 6840 and 18792?
72
What is the highest common divisor of 295 and 715375?
295
What is the highest common divisor of 90748 and 8?
4
Calculate the greatest common factor of 81714 and 6.
6
Calculate the highest common divisor of 495 and 698115.
165
What is the greatest common divisor of 733395 and 195?
195
What is the greatest common factor of 1053 and 1391?
13
Calculate the highest common factor of 19998 and 5676.
66
Calculate the highest common divisor of 1620 and 2174850.
810
Calculate the greatest common divisor of 146546 and 94.
94
Calculate the greatest common divisor of 999 and 1331001.
333
What is the greatest common factor of 11 and 407803?
11
What is the highest common factor of 7678 and 572?
22
What is the highest common factor of 352 and 90352?
16
What is the greatest common factor of 2576 and 34960?
368
What is the highest common divisor of 153344 and 784?
16
Calculate the greatest common divisor of 15 and 540620.
5
What is the highest common divisor of 49 and 13783?
7
Calculate the highest common factor of 209 and 65113.
19
What is the highest common factor of 388 and 71877?
97
What is the highest common divisor of 9503 and 35819?
731
